{"id":2601230,"date":"2026-04-11T06:01:31","date_gmt":"2026-04-11T03:01:31","guid":{"rendered":"https:\/\/horticom.ee\/e-pood\/toode\/tigude-ja-nalkjate-sootmurk-ironmax-pro-7kg\/"},"modified":"2026-05-12T03:12:40","modified_gmt":"2026-05-12T00:12:40","slug":"tigude-ja-nalkjate-sootmurk-ironmax-pro-7kg","status":"publish","type":"product","link":"https:\/\/horticom.ee\/e-pood\/toode\/tigude-ja-nalkjate-sootmurk-ironmax-pro-7kg\/","title":{"rendered":"Tigude ja n\u00e4lkjate s\u00f6\u00f6tm\u00fcrk Ironmax Pro 7kg"},"content":{"rendered":"<p>Ironmax Pro on t\u00f5hus ja keskkonnas\u00f5bralik graanulitena s\u00f6\u00f6tm\u00fcrk, mis aitab kiiresti v\u00e4hendada tigude ja n\u00e4lkjate kahjustusi aias. Sobib kasutamiseks k\u00f6\u00f6givilja- ja puuviljaaias, iluaedades, kasvuhoonetes ning ka p\u00f5ldudel.<br \/>\nToode sisaldab toimeainena raud(III)fosfaati, mis meelitab kahjureid s\u00f6\u00f6ta tarbima. P\u00e4rast s\u00f6\u00f6mist l\u00f5petavad n\u00e4lkjad toitumise, peidavad end ja hukkuvad \u2013 seet\u00f5ttu ei pruugi surnud kahjureid n\u00e4htavale j\u00e4\u00e4da.<br \/>\nPeamised eelised:<br \/>\nLihtne ja mugav kasutada \u2013 graanulid puistatakse hajusalt<br \/>\nV\u00e4ga hea niiskuskindlus \u2013 toimib ka niisketes tingimustes<br \/>\nT\u00f5hus toime t\u00e4nu kvaliteetsetele graanulitele<br \/>\nOhutu vihmaussidele, siilidele ja teistele kasulikele organismidele<br \/>\nSobib kasutamiseks ka mahep\u00f5llumajanduses<\/p>\n","protected":false},"excerpt":{"rendered":"<p>Ironmax Pro on t\u00f5hus ja keskkonnas\u00f5bralik graanulitena s\u00f6\u00f6tm\u00fcrk, mis aitab kiiresti v\u00e4hendada tigude ja n\u00e4lkjate kahjustusi aias. Sobib kasutamiseks k\u00f6\u00f6givilja- ja puuviljaaias, iluaedades, kasvuhoonetes ning ka p\u00f5ldudel. Toode sisaldab toimeainena raud(III)fosfaati, mis meelitab kahjureid s\u00f6\u00f6ta tarbima. P\u00e4rast s\u00f6\u00f6mist l\u00f5petavad n\u00e4lkjad toitumise, peidavad end ja hukkuvad \u2013 seet\u00f5ttu ei pruugi surnud kahjureid n\u00e4htavale j\u00e4\u00e4da. Peamised eelised: [&hellip;]<\/p>\n","protected":false},"featured_media":2601580,"comment_status":"closed","ping_status":"closed","template":"","meta":{"_themeisle_gutenberg_block_has_review":false},"product_cat":[13595],"product_tag":[],"class_list":{"0":"post-2601230","1":"product","2":"type-product","3":"status-publish","4":"has-post-thumbnail","6":"product_cat-teod","8":"first","9":"instock","10":"shipping-taxable","11":"purchasable","12":"product-type-simple"},"yoast_head":"<!-- This site is optimized with the Yoast SEO plugin v24.0 - https:\/\/yoast.com\/wordpress\/plugins\/seo\/ -->\n<title>Tigude ja n\u00e4lkjate s\u00f6\u00f6tm\u00fcrk Ironmax Pro 7kg - Horticom<\/title>\n<meta name=\"robots\" content=\"index, follow, max-snippet:-1, max-image-preview:large, max-video-preview:-1\" \/>\n<link rel=\"canonical\" href=\"https:\/\/horticom.ee\/e-pood\/toode\/tigude-ja-nalkjate-sootmurk-ironmax-pro-7kg\/\" \/>\n<meta property=\"og:locale\" content=\"et_EE\" \/>\n<meta property=\"og:type\" content=\"article\" \/>\n<meta property=\"og:title\" content=\"Tigude ja n\u00e4lkjate s\u00f6\u00f6tm\u00fcrk Ironmax Pro 7kg - Horticom\" \/>\n<meta property=\"og:description\" content=\"Ironmax Pro on t\u00f5hus ja keskkonnas\u00f5bralik graanulitena s\u00f6\u00f6tm\u00fcrk, mis aitab kiiresti v\u00e4hendada tigude ja n\u00e4lkjate kahjustusi aias. Sobib kasutamiseks k\u00f6\u00f6givilja- ja puuviljaaias, iluaedades, kasvuhoonetes ning ka p\u00f5ldudel. Toode sisaldab toimeainena raud(III)fosfaati, mis meelitab kahjureid s\u00f6\u00f6ta tarbima. P\u00e4rast s\u00f6\u00f6mist l\u00f5petavad n\u00e4lkjad toitumise, peidavad end ja hukkuvad \u2013 seet\u00f5ttu ei pruugi surnud kahjureid n\u00e4htavale j\u00e4\u00e4da. Peamised eelised: [&hellip;]\" \/>\n<meta property=\"og:url\" content=\"https:\/\/horticom.ee\/e-pood\/toode\/tigude-ja-nalkjate-sootmurk-ironmax-pro-7kg\/\" \/>\n<meta property=\"og:site_name\" content=\"Horticom.ee\" \/>\n<meta property=\"article:publisher\" content=\"https:\/\/www.facebook.com\/horticom.ee\/e-pood\" \/>\n<meta property=\"article:modified_time\" content=\"2026-05-12T00:12:40+00:00\" \/>\n<meta property=\"og:image\" content=\"https:\/\/horticom.ee\/e-pood\/wp-content\/uploads\/importedmedia\/product_2601230_0_4120104.jpg\" \/>\n\t<meta property=\"og:image:width\" content=\"1000\" \/>\n\t<meta property=\"og:image:height\" content=\"683\" \/>\n\t<meta property=\"og:image:type\" content=\"image\/jpeg\" \/>\n<meta name=\"twitter:card\" content=\"summary_large_image\" \/>\n<meta name=\"twitter:label1\" content=\"Est. reading time\" \/>\n\t<meta name=\"twitter:data1\" content=\"1 minut\" \/>\n<script type=\"application\/ld+json\" class=\"yoast-schema-graph\">{\"@context\":\"https:\/\/schema.org\",\"@graph\":[{\"@type\":\"WebPage\",\"@id\":\"https:\/\/horticom.ee\/e-pood\/toode\/tigude-ja-nalkjate-sootmurk-ironmax-pro-7kg\/\",\"url\":\"https:\/\/horticom.ee\/e-pood\/toode\/tigude-ja-nalkjate-sootmurk-ironmax-pro-7kg\/\",\"name\":\"Tigude ja n\u00e4lkjate s\u00f6\u00f6tm\u00fcrk Ironmax Pro 7kg - Horticom\",\"isPartOf\":{\"@id\":\"https:\/\/horticom.ee\/e-pood\/#website\"},\"primaryImageOfPage\":{\"@id\":\"https:\/\/horticom.ee\/e-pood\/toode\/tigude-ja-nalkjate-sootmurk-ironmax-pro-7kg\/#primaryimage\"},\"image\":{\"@id\":\"https:\/\/horticom.ee\/e-pood\/toode\/tigude-ja-nalkjate-sootmurk-ironmax-pro-7kg\/#primaryimage\"},\"thumbnailUrl\":\"https:\/\/horticom.ee\/e-pood\/wp-content\/uploads\/importedmedia\/product_2601230_0_4120104.jpg\",\"datePublished\":\"2026-04-11T03:01:31+00:00\",\"dateModified\":\"2026-05-12T00:12:40+00:00\",\"breadcrumb\":{\"@id\":\"https:\/\/horticom.ee\/e-pood\/toode\/tigude-ja-nalkjate-sootmurk-ironmax-pro-7kg\/#breadcrumb\"},\"inLanguage\":\"et\",\"potentialAction\":[{\"@type\":\"ReadAction\",\"target\":[\"https:\/\/horticom.ee\/e-pood\/toode\/tigude-ja-nalkjate-sootmurk-ironmax-pro-7kg\/\"]}]},{\"@type\":\"ImageObject\",\"inLanguage\":\"et\",\"@id\":\"https:\/\/horticom.ee\/e-pood\/toode\/tigude-ja-nalkjate-sootmurk-ironmax-pro-7kg\/#primaryimage\",\"url\":\"https:\/\/horticom.ee\/e-pood\/wp-content\/uploads\/importedmedia\/product_2601230_0_4120104.jpg\",\"contentUrl\":\"https:\/\/horticom.ee\/e-pood\/wp-content\/uploads\/importedmedia\/product_2601230_0_4120104.jpg\",\"width\":1000,\"height\":683},{\"@type\":\"BreadcrumbList\",\"@id\":\"https:\/\/horticom.ee\/e-pood\/toode\/tigude-ja-nalkjate-sootmurk-ironmax-pro-7kg\/#breadcrumb\",\"itemListElement\":[{\"@type\":\"ListItem\",\"position\":1,\"name\":\"Home\",\"item\":\"https:\/\/horticom.ee\/e-pood\/\"},{\"@type\":\"ListItem\",\"position\":2,\"name\":\"Pood\",\"item\":\"https:\/\/horticom.ee\/e-pood\/pood\/\"},{\"@type\":\"ListItem\",\"position\":3,\"name\":\"Tigude ja n\u00e4lkjate s\u00f6\u00f6tm\u00fcrk Ironmax Pro 7kg\"}]},{\"@type\":\"WebSite\",\"@id\":\"https:\/\/horticom.ee\/e-pood\/#website\",\"url\":\"https:\/\/horticom.ee\/e-pood\/\",\"name\":\"Horticom.ee\",\"description\":\"Aianduskaubad ja kodukaubad nii harrastajatele kui professionaalidele\",\"potentialAction\":[{\"@type\":\"SearchAction\",\"target\":{\"@type\":\"EntryPoint\",\"urlTemplate\":\"https:\/\/horticom.ee\/e-pood\/?s={search_term_string}\"},\"query-input\":{\"@type\":\"PropertyValueSpecification\",\"valueRequired\":true,\"valueName\":\"search_term_string\"}}],\"inLanguage\":\"et\"}]}<\/script>\n<!-- \/ Yoast SEO plugin. -->","yoast_head_json":{"title":"Tigude ja n\u00e4lkjate s\u00f6\u00f6tm\u00fcrk Ironmax Pro 7kg - Horticom","robots":{"index":"index","follow":"follow","max-snippet":"max-snippet:-1","max-image-preview":"max-image-preview:large","max-video-preview":"max-video-preview:-1"},"canonical":"https:\/\/horticom.ee\/e-pood\/toode\/tigude-ja-nalkjate-sootmurk-ironmax-pro-7kg\/","og_locale":"et_EE","og_type":"article","og_title":"Tigude ja n\u00e4lkjate s\u00f6\u00f6tm\u00fcrk Ironmax Pro 7kg - Horticom","og_description":"Ironmax Pro on t\u00f5hus ja keskkonnas\u00f5bralik graanulitena s\u00f6\u00f6tm\u00fcrk, mis aitab kiiresti v\u00e4hendada tigude ja n\u00e4lkjate kahjustusi aias. Sobib kasutamiseks k\u00f6\u00f6givilja- ja puuviljaaias, iluaedades, kasvuhoonetes ning ka p\u00f5ldudel. Toode sisaldab toimeainena raud(III)fosfaati, mis meelitab kahjureid s\u00f6\u00f6ta tarbima. P\u00e4rast s\u00f6\u00f6mist l\u00f5petavad n\u00e4lkjad toitumise, peidavad end ja hukkuvad \u2013 seet\u00f5ttu ei pruugi surnud kahjureid n\u00e4htavale j\u00e4\u00e4da. Peamised eelised: [&hellip;]","og_url":"https:\/\/horticom.ee\/e-pood\/toode\/tigude-ja-nalkjate-sootmurk-ironmax-pro-7kg\/","og_site_name":"Horticom.ee","article_publisher":"https:\/\/www.facebook.com\/horticom.ee\/e-pood","article_modified_time":"2026-05-12T00:12:40+00:00","og_image":[{"width":1000,"height":683,"url":"https:\/\/horticom.ee\/e-pood\/wp-content\/uploads\/importedmedia\/product_2601230_0_4120104.jpg","type":"image\/jpeg"}],"twitter_card":"summary_large_image","twitter_misc":{"Est. reading time":"1 minut"},"schema":{"@context":"https:\/\/schema.org","@graph":[{"@type":"WebPage","@id":"https:\/\/horticom.ee\/e-pood\/toode\/tigude-ja-nalkjate-sootmurk-ironmax-pro-7kg\/","url":"https:\/\/horticom.ee\/e-pood\/toode\/tigude-ja-nalkjate-sootmurk-ironmax-pro-7kg\/","name":"Tigude ja n\u00e4lkjate s\u00f6\u00f6tm\u00fcrk Ironmax Pro 7kg - Horticom","isPartOf":{"@id":"https:\/\/horticom.ee\/e-pood\/#website"},"primaryImageOfPage":{"@id":"https:\/\/horticom.ee\/e-pood\/toode\/tigude-ja-nalkjate-sootmurk-ironmax-pro-7kg\/#primaryimage"},"image":{"@id":"https:\/\/horticom.ee\/e-pood\/toode\/tigude-ja-nalkjate-sootmurk-ironmax-pro-7kg\/#primaryimage"},"thumbnailUrl":"https:\/\/horticom.ee\/e-pood\/wp-content\/uploads\/importedmedia\/product_2601230_0_4120104.jpg","datePublished":"2026-04-11T03:01:31+00:00","dateModified":"2026-05-12T00:12:40+00:00","breadcrumb":{"@id":"https:\/\/horticom.ee\/e-pood\/toode\/tigude-ja-nalkjate-sootmurk-ironmax-pro-7kg\/#breadcrumb"},"inLanguage":"et","potentialAction":[{"@type":"ReadAction","target":["https:\/\/horticom.ee\/e-pood\/toode\/tigude-ja-nalkjate-sootmurk-ironmax-pro-7kg\/"]}]},{"@type":"ImageObject","inLanguage":"et","@id":"https:\/\/horticom.ee\/e-pood\/toode\/tigude-ja-nalkjate-sootmurk-ironmax-pro-7kg\/#primaryimage","url":"https:\/\/horticom.ee\/e-pood\/wp-content\/uploads\/importedmedia\/product_2601230_0_4120104.jpg","contentUrl":"https:\/\/horticom.ee\/e-pood\/wp-content\/uploads\/importedmedia\/product_2601230_0_4120104.jpg","width":1000,"height":683},{"@type":"BreadcrumbList","@id":"https:\/\/horticom.ee\/e-pood\/toode\/tigude-ja-nalkjate-sootmurk-ironmax-pro-7kg\/#breadcrumb","itemListElement":[{"@type":"ListItem","position":1,"name":"Home","item":"https:\/\/horticom.ee\/e-pood\/"},{"@type":"ListItem","position":2,"name":"Pood","item":"https:\/\/horticom.ee\/e-pood\/pood\/"},{"@type":"ListItem","position":3,"name":"Tigude ja n\u00e4lkjate s\u00f6\u00f6tm\u00fcrk Ironmax Pro 7kg"}]},{"@type":"WebSite","@id":"https:\/\/horticom.ee\/e-pood\/#website","url":"https:\/\/horticom.ee\/e-pood\/","name":"Horticom.ee","description":"Aianduskaubad ja kodukaubad nii harrastajatele kui professionaalidele","potentialAction":[{"@type":"SearchAction","target":{"@type":"EntryPoint","urlTemplate":"https:\/\/horticom.ee\/e-pood\/?s={search_term_string}"},"query-input":{"@type":"PropertyValueSpecification","valueRequired":true,"valueName":"search_term_string"}}],"inLanguage":"et"}]}},"_links":{"self":[{"href":"https:\/\/horticom.ee\/e-pood\/wp-json\/wp\/v2\/product\/2601230","targetHints":{"allow":["GET"]}}],"collection":[{"href":"https:\/\/horticom.ee\/e-pood\/wp-json\/wp\/v2\/product"}],"about":[{"href":"https:\/\/horticom.ee\/e-pood\/wp-json\/wp\/v2\/types\/product"}],"replies":[{"embeddable":true,"href":"https:\/\/horticom.ee\/e-pood\/wp-json\/wp\/v2\/comments?post=2601230"}],"wp:featuredmedia":[{"embeddable":true,"href":"https:\/\/horticom.ee\/e-pood\/wp-json\/wp\/v2\/media\/2601580"}],"wp:attachment":[{"href":"https:\/\/horticom.ee\/e-pood\/wp-json\/wp\/v2\/media?parent=2601230"}],"wp:term":[{"taxonomy":"product_cat","embeddable":true,"href":"https:\/\/horticom.ee\/e-pood\/wp-json\/wp\/v2\/product_cat?post=2601230"},{"taxonomy":"product_tag","embeddable":true,"href":"https:\/\/horticom.ee\/e-pood\/wp-json\/wp\/v2\/product_tag?post=2601230"}],"curies":[{"name":"wp","href":"https:\/\/api.w.org\/{rel}","templated":true}]}}