{"id":698326,"date":"2022-05-09T17:01:08","date_gmt":"2022-05-09T14:01:08","guid":{"rendered":"https:\/\/aednik24.ee\/toode\/rodukasti-komplekt-barcelona-all-in1-50cm-terra\/"},"modified":"2026-04-27T03:16:51","modified_gmt":"2026-04-27T00:16:51","slug":"rodukasti-komplekt-barcelona-all-in1-50cm-terra","status":"publish","type":"product","link":"https:\/\/horticom.ee\/e-pood\/toode\/rodukasti-komplekt-barcelona-all-in1-50cm-terra\/","title":{"rendered":"R\u00f5dukast Elho Barcelona all-in-one 50cm 9,5L terra"},"content":{"rendered":"<p>R\u00f5dukasti komplekt Barcelona on parim r\u00f5dukasti komplekt &#8220;k\u00f5ik-\u00fches&#8221;. 50cm pikkust ja 21cm s\u00fcgavust. Komplektis r\u00f5dukast, alus ja metallraam kasti r\u00f5du\u00e4\u00e4rele paigutamiseks. Metallraam kannatab kuni 15kg raskust. Lisaks on kasti all \u00e4\u00e4res ava, mille kaudu r\u00f5dukasti p\u00f5hja lihtsalt vett lisada.<\/p>\n","protected":false},"excerpt":{"rendered":"<p>R\u00f5dukasti komplekt Barcelona on parim r\u00f5dukasti komplekt &#8220;k\u00f5ik-\u00fches&#8221;. 50cm pikkust ja 21cm s\u00fcgavust. Komplektis r\u00f5dukast, alus ja metallraam kasti r\u00f5du\u00e4\u00e4rele paigutamiseks. Metallraam kannatab kuni 15kg raskust. Lisaks on kasti all \u00e4\u00e4res ava, mille kaudu r\u00f5dukasti p\u00f5hja lihtsalt vett lisada.<\/p>\n","protected":false},"featured_media":698338,"comment_status":"closed","ping_status":"closed","template":"","meta":{"_themeisle_gutenberg_block_has_review":false},"product_cat":[13444],"product_tag":[],"class_list":{"0":"post-698326","1":"product","2":"type-product","3":"status-publish","4":"has-post-thumbnail","6":"product_cat-rodukastid","8":"first","9":"instock","10":"shipping-taxable","11":"purchasable","12":"product-type-simple"},"yoast_head":"<!-- This site is optimized with the Yoast SEO plugin v24.0 - https:\/\/yoast.com\/wordpress\/plugins\/seo\/ -->\n<title>R\u00f5dukast Elho Barcelona all-in-one 50cm 9,5L terra<\/title>\n<meta name=\"description\" content=\"R\u00f5dukasti komplekt Barcelona \u2013 K\u00f5ik-\u00fches r\u00f5dukasti komplekt, 50cm pikkune. Komplektis alus ja metallraam, mis kannatab kuni 15kg raskust.\" \/>\n<meta name=\"robots\" content=\"index, follow, max-snippet:-1, max-image-preview:large, max-video-preview:-1\" \/>\n<link rel=\"canonical\" href=\"https:\/\/horticom.ee\/e-pood\/toode\/rodukasti-komplekt-barcelona-all-in1-50cm-terra\/\" \/>\n<meta property=\"og:locale\" content=\"et_EE\" \/>\n<meta property=\"og:type\" content=\"article\" \/>\n<meta property=\"og:title\" content=\"R\u00f5dukast Elho Barcelona all-in-one 50cm 9,5L terra\" \/>\n<meta property=\"og:description\" content=\"R\u00f5dukasti komplekt Barcelona \u2013 K\u00f5ik-\u00fches r\u00f5dukasti komplekt, 50cm pikkune. Komplektis alus ja metallraam, mis kannatab kuni 15kg raskust.\" \/>\n<meta property=\"og:url\" content=\"https:\/\/horticom.ee\/e-pood\/toode\/rodukasti-komplekt-barcelona-all-in1-50cm-terra\/\" \/>\n<meta property=\"og:site_name\" content=\"Horticom.ee\" \/>\n<meta property=\"article:publisher\" content=\"https:\/\/www.facebook.com\/horticom.ee\/e-pood\" \/>\n<meta property=\"article:modified_time\" content=\"2026-04-27T00:16:51+00:00\" \/>\n<meta property=\"og:image\" content=\"https:\/\/horticom.ee\/e-pood\/wp-content\/uploads\/importedmedia\/product-698326_0-640575_270.jpg\" \/>\n\t<meta property=\"og:image:width\" content=\"1000\" \/>\n\t<meta property=\"og:image:height\" content=\"1000\" \/>\n\t<meta property=\"og:image:type\" content=\"image\/jpeg\" \/>\n<meta name=\"twitter:card\" content=\"summary_large_image\" \/>\n<meta name=\"twitter:label1\" content=\"Est. reading time\" \/>\n\t<meta name=\"twitter:data1\" content=\"1 minut\" \/>\n<script type=\"application\/ld+json\" class=\"yoast-schema-graph\">{\"@context\":\"https:\/\/schema.org\",\"@graph\":[{\"@type\":\"WebPage\",\"@id\":\"https:\/\/horticom.ee\/e-pood\/toode\/rodukasti-komplekt-barcelona-all-in1-50cm-terra\/\",\"url\":\"https:\/\/horticom.ee\/e-pood\/toode\/rodukasti-komplekt-barcelona-all-in1-50cm-terra\/\",\"name\":\"R\u00f5dukast Elho Barcelona all-in-one 50cm 9,5L terra\",\"isPartOf\":{\"@id\":\"https:\/\/horticom.ee\/e-pood\/#website\"},\"primaryImageOfPage\":{\"@id\":\"https:\/\/horticom.ee\/e-pood\/toode\/rodukasti-komplekt-barcelona-all-in1-50cm-terra\/#primaryimage\"},\"image\":{\"@id\":\"https:\/\/horticom.ee\/e-pood\/toode\/rodukasti-komplekt-barcelona-all-in1-50cm-terra\/#primaryimage\"},\"thumbnailUrl\":\"https:\/\/horticom.ee\/e-pood\/wp-content\/uploads\/importedmedia\/product-698326_0-640575_270.jpg\",\"datePublished\":\"2022-05-09T14:01:08+00:00\",\"dateModified\":\"2026-04-27T00:16:51+00:00\",\"description\":\"R\u00f5dukasti komplekt Barcelona \u2013 K\u00f5ik-\u00fches r\u00f5dukasti komplekt, 50cm pikkune. Komplektis alus ja metallraam, mis kannatab kuni 15kg raskust.\",\"breadcrumb\":{\"@id\":\"https:\/\/horticom.ee\/e-pood\/toode\/rodukasti-komplekt-barcelona-all-in1-50cm-terra\/#breadcrumb\"},\"inLanguage\":\"et\",\"potentialAction\":[{\"@type\":\"ReadAction\",\"target\":[\"https:\/\/horticom.ee\/e-pood\/toode\/rodukasti-komplekt-barcelona-all-in1-50cm-terra\/\"]}]},{\"@type\":\"ImageObject\",\"inLanguage\":\"et\",\"@id\":\"https:\/\/horticom.ee\/e-pood\/toode\/rodukasti-komplekt-barcelona-all-in1-50cm-terra\/#primaryimage\",\"url\":\"https:\/\/horticom.ee\/e-pood\/wp-content\/uploads\/importedmedia\/product-698326_0-640575_270.jpg\",\"contentUrl\":\"https:\/\/horticom.ee\/e-pood\/wp-content\/uploads\/importedmedia\/product-698326_0-640575_270.jpg\",\"width\":1000,\"height\":1000,\"caption\":\"R\u00f5dukast Elho Barcelona all-in-one 50cm 9,5L terra\"},{\"@type\":\"BreadcrumbList\",\"@id\":\"https:\/\/horticom.ee\/e-pood\/toode\/rodukasti-komplekt-barcelona-all-in1-50cm-terra\/#breadcrumb\",\"itemListElement\":[{\"@type\":\"ListItem\",\"position\":1,\"name\":\"Home\",\"item\":\"https:\/\/horticom.ee\/e-pood\/\"},{\"@type\":\"ListItem\",\"position\":2,\"name\":\"Pood\",\"item\":\"https:\/\/horticom.ee\/e-pood\/pood\/\"},{\"@type\":\"ListItem\",\"position\":3,\"name\":\"R\u00f5dukast Elho Barcelona all-in-one 50cm 9,5L terra\"}]},{\"@type\":\"WebSite\",\"@id\":\"https:\/\/horticom.ee\/e-pood\/#website\",\"url\":\"https:\/\/horticom.ee\/e-pood\/\",\"name\":\"Horticom.ee\",\"description\":\"Aianduskaubad ja kodukaubad nii harrastajatele kui professionaalidele\",\"potentialAction\":[{\"@type\":\"SearchAction\",\"target\":{\"@type\":\"EntryPoint\",\"urlTemplate\":\"https:\/\/horticom.ee\/e-pood\/?s={search_term_string}\"},\"query-input\":{\"@type\":\"PropertyValueSpecification\",\"valueRequired\":true,\"valueName\":\"search_term_string\"}}],\"inLanguage\":\"et\"}]}<\/script>\n<!-- \/ Yoast SEO plugin. -->","yoast_head_json":{"title":"R\u00f5dukast Elho Barcelona all-in-one 50cm 9,5L terra","description":"R\u00f5dukasti komplekt Barcelona \u2013 K\u00f5ik-\u00fches r\u00f5dukasti komplekt, 50cm pikkune. Komplektis alus ja metallraam, mis kannatab kuni 15kg raskust.","robots":{"index":"index","follow":"follow","max-snippet":"max-snippet:-1","max-image-preview":"max-image-preview:large","max-video-preview":"max-video-preview:-1"},"canonical":"https:\/\/horticom.ee\/e-pood\/toode\/rodukasti-komplekt-barcelona-all-in1-50cm-terra\/","og_locale":"et_EE","og_type":"article","og_title":"R\u00f5dukast Elho Barcelona all-in-one 50cm 9,5L terra","og_description":"R\u00f5dukasti komplekt Barcelona \u2013 K\u00f5ik-\u00fches r\u00f5dukasti komplekt, 50cm pikkune. Komplektis alus ja metallraam, mis kannatab kuni 15kg raskust.","og_url":"https:\/\/horticom.ee\/e-pood\/toode\/rodukasti-komplekt-barcelona-all-in1-50cm-terra\/","og_site_name":"Horticom.ee","article_publisher":"https:\/\/www.facebook.com\/horticom.ee\/e-pood","article_modified_time":"2026-04-27T00:16:51+00:00","og_image":[{"width":1000,"height":1000,"url":"https:\/\/horticom.ee\/e-pood\/wp-content\/uploads\/importedmedia\/product-698326_0-640575_270.jpg","type":"image\/jpeg"}],"twitter_card":"summary_large_image","twitter_misc":{"Est. reading time":"1 minut"},"schema":{"@context":"https:\/\/schema.org","@graph":[{"@type":"WebPage","@id":"https:\/\/horticom.ee\/e-pood\/toode\/rodukasti-komplekt-barcelona-all-in1-50cm-terra\/","url":"https:\/\/horticom.ee\/e-pood\/toode\/rodukasti-komplekt-barcelona-all-in1-50cm-terra\/","name":"R\u00f5dukast Elho Barcelona all-in-one 50cm 9,5L terra","isPartOf":{"@id":"https:\/\/horticom.ee\/e-pood\/#website"},"primaryImageOfPage":{"@id":"https:\/\/horticom.ee\/e-pood\/toode\/rodukasti-komplekt-barcelona-all-in1-50cm-terra\/#primaryimage"},"image":{"@id":"https:\/\/horticom.ee\/e-pood\/toode\/rodukasti-komplekt-barcelona-all-in1-50cm-terra\/#primaryimage"},"thumbnailUrl":"https:\/\/horticom.ee\/e-pood\/wp-content\/uploads\/importedmedia\/product-698326_0-640575_270.jpg","datePublished":"2022-05-09T14:01:08+00:00","dateModified":"2026-04-27T00:16:51+00:00","description":"R\u00f5dukasti komplekt Barcelona \u2013 K\u00f5ik-\u00fches r\u00f5dukasti komplekt, 50cm pikkune. Komplektis alus ja metallraam, mis kannatab kuni 15kg raskust.","breadcrumb":{"@id":"https:\/\/horticom.ee\/e-pood\/toode\/rodukasti-komplekt-barcelona-all-in1-50cm-terra\/#breadcrumb"},"inLanguage":"et","potentialAction":[{"@type":"ReadAction","target":["https:\/\/horticom.ee\/e-pood\/toode\/rodukasti-komplekt-barcelona-all-in1-50cm-terra\/"]}]},{"@type":"ImageObject","inLanguage":"et","@id":"https:\/\/horticom.ee\/e-pood\/toode\/rodukasti-komplekt-barcelona-all-in1-50cm-terra\/#primaryimage","url":"https:\/\/horticom.ee\/e-pood\/wp-content\/uploads\/importedmedia\/product-698326_0-640575_270.jpg","contentUrl":"https:\/\/horticom.ee\/e-pood\/wp-content\/uploads\/importedmedia\/product-698326_0-640575_270.jpg","width":1000,"height":1000,"caption":"R\u00f5dukast Elho Barcelona all-in-one 50cm 9,5L terra"},{"@type":"BreadcrumbList","@id":"https:\/\/horticom.ee\/e-pood\/toode\/rodukasti-komplekt-barcelona-all-in1-50cm-terra\/#breadcrumb","itemListElement":[{"@type":"ListItem","position":1,"name":"Home","item":"https:\/\/horticom.ee\/e-pood\/"},{"@type":"ListItem","position":2,"name":"Pood","item":"https:\/\/horticom.ee\/e-pood\/pood\/"},{"@type":"ListItem","position":3,"name":"R\u00f5dukast Elho Barcelona all-in-one 50cm 9,5L terra"}]},{"@type":"WebSite","@id":"https:\/\/horticom.ee\/e-pood\/#website","url":"https:\/\/horticom.ee\/e-pood\/","name":"Horticom.ee","description":"Aianduskaubad ja kodukaubad nii harrastajatele kui professionaalidele","potentialAction":[{"@type":"SearchAction","target":{"@type":"EntryPoint","urlTemplate":"https:\/\/horticom.ee\/e-pood\/?s={search_term_string}"},"query-input":{"@type":"PropertyValueSpecification","valueRequired":true,"valueName":"search_term_string"}}],"inLanguage":"et"}]}},"_links":{"self":[{"href":"https:\/\/horticom.ee\/e-pood\/wp-json\/wp\/v2\/product\/698326","targetHints":{"allow":["GET"]}}],"collection":[{"href":"https:\/\/horticom.ee\/e-pood\/wp-json\/wp\/v2\/product"}],"about":[{"href":"https:\/\/horticom.ee\/e-pood\/wp-json\/wp\/v2\/types\/product"}],"replies":[{"embeddable":true,"href":"https:\/\/horticom.ee\/e-pood\/wp-json\/wp\/v2\/comments?post=698326"}],"wp:featuredmedia":[{"embeddable":true,"href":"https:\/\/horticom.ee\/e-pood\/wp-json\/wp\/v2\/media\/698338"}],"wp:attachment":[{"href":"https:\/\/horticom.ee\/e-pood\/wp-json\/wp\/v2\/media?parent=698326"}],"wp:term":[{"taxonomy":"product_cat","embeddable":true,"href":"https:\/\/horticom.ee\/e-pood\/wp-json\/wp\/v2\/product_cat?post=698326"},{"taxonomy":"product_tag","embeddable":true,"href":"https:\/\/horticom.ee\/e-pood\/wp-json\/wp\/v2\/product_tag?post=698326"}],"curies":[{"name":"wp","href":"https:\/\/api.w.org\/{rel}","templated":true}]}}